2?
2, 7, 17
What are the prime factors of 112109?
71, 1579
What are the prime factors of 71524?
2, 17881
What are the prime factors of 63171?
3, 7019
What are the prime factors of 8519?
7, 1217
What are the prime factors of 786?
2, 3, 131
List the prime factors of 72.
2, 3
List the prime factors of 12212.
2, 43, 71
What are the prime factors of 4718?
2, 7, 337
List the prime factors of 8418.
2, 3, 23, 61
List the prime factors of 17233.
19, 907
What are the prime factors of 70135?
5, 13, 83
What are the prime factors of 42035?
5, 7, 1201
What are the prime factors of 10353?
3, 7, 17, 29
List the prime factors of 2704.
2, 13
What are the prime factors of 1143?
3, 127
What are the prime factors of 118762?
2, 7, 17, 499
What are the prime factors of 1151?
1151
What are the prime factors of 61235?
5, 37, 331
List the prime factors of 1611.
3, 179
What are the prime factors of 16720?
2, 5, 11, 19
List the prime factors of 71.
71
List the prime factors of 1377.
3, 17
What are the prime factors of 938?
2, 7, 67
What are the prime factors of 17152?
2, 67
What are the prime factors of 6562?
2, 17, 193
List the prime factors of 58797.
3, 47, 139
What are the prime factors of 67170?
2, 3, 5, 2239
What are the prime factors of 71726?
2, 35863
What are the prime factors of 1697?
1697
List the prime factors of 40.
2, 5
What are the prime factors of 8604?
2, 3, 239
What are the prime factors of 928?
2, 29
What are the prime factors of 2603?
19, 137
What are the prime factors of 12352?
2, 193
List the prime factors of 1579.
1579
List the prime factors of 34602.
2, 3, 73, 79
List the prime factors of 23147.
79, 293
What are the prime factors of 15430?
2, 5, 1543
List the prime factors of 1482.
2, 3, 13, 19
List the prime factors of 34800.
2, 3, 5, 29
What are the prime factors of 939?
3, 313
List the prime factors of 1056.
2, 3, 11
What are the prime factors of 7951?
7951
What are the prime factors of 7885?
5, 19, 83
List the prime factors of 4713.
3, 1571
List the prime factors of 14806.
2, 11, 673
What are the prime factors of 3828?
2, 3, 11, 29
List the prime factors of 1039.
1039
List the prime factors of 3782.
2, 31, 61
List the prime factors of 3290.
2, 5, 7, 47
What are the prime factors of 2521?
2521
List the prime factors of 55146.
2, 3, 7, 13, 101
What are the prime factors of 141267?
3, 7, 31
List the prime factors of 374.
2, 11, 17
What are the prime factors of 173362?
2, 7, 29, 61
List the prime factors of 12256.
2, 383
List the prime factors of 356.
2, 89
What are the prime factors of 16100?
2, 5, 7, 23
What are the prime factors of 2199?
3, 733
List the prime factors of 143191.
17, 8423
What are the prime factors of 3719?
3719
What are the prime factors of 77812?
2, 7, 397
What are the prime factors of 5439?
3, 7, 37
List the prime factors of 87920.
2, 5, 7, 157
List the prime factors of 68255.
5, 11, 17, 73
What are the prime factors of 328?
2, 41
What are the prime factors of 8893?
8893
What are the prime factors of 2095?
5, 419
List the prime factors of 68432.
2, 7, 13, 47
What are the prime factors of 2409?
3, 11, 73
What are the prime factors of 919?
919
What are the prime factors of 52698?
2, 3, 8783
List the prime factors of 80119.
13, 6163
What are the prime factors of 127009?
107, 1187
List the prime factors of 2475.
3, 5, 11
What are the prime factors of 355?
5, 71
List the prime factors of 792.
2, 3, 11
What are the prime factors of 4349?
4349
List the prime factors of 22182.
2, 3, 3697
List the prime factors of 15205.
5, 3041
List the prime factors of 11678.
2, 5839
What are the prime factors of 26559?
3, 13, 227
List the prime factors of 1422.
2, 3, 79
What are the prime factors of 11965?
5, 2393
List the prime factors of 118792.
2, 31, 479
List the prime factors of 803.
11, 73
List the prime factors of 48502.
2, 24251
List the prime factors of 6033.
3, 2011
List the prime factors of 916.
2, 229
What are the prime factors of 15865?
5, 19, 167
List the prime factors of 2003.
2003
List the prime factors of 374.
2, 11, 17
List the prime factors of 346.
2, 173
List the prime factors of 32647.
32647
List the prime factors of 92041.
92041
What are the prime factors of 320?
2, 5
What are the prime factors of 1159?
19, 61
List the prime factors of 857.
857
List the prime factors of 22308.
2, 3, 11, 13
List the prime factors of 1487.
1487
List the prime factors of 681.
3, 227
What are the prime factors of 23871?
3, 73, 109
List the prime factors of 8577.
3, 953
What are the prime factors of 1535?
5, 307
List the prime factors of 26158.
2, 11, 29, 41
List the prime factors of 94846.
2, 47, 1009
List the prime factors of 166.
2, 83
List the prime factors of 16244.
2, 31, 131
List the prime factors of 6523.
11, 593
What are the prime factors of 463?
463
What are the prime factors of 654?
2, 3, 109
What are the prime factors of 19481?
7, 11, 23
What are the prime factors of 2059?
29, 71
What are the prime factors of 4900?
2, 5, 7
What are the prime factors of 4439?
23, 193
List the prime factors of 382.
2, 191
What are the prime factors of 7481?
7481
List the prime factors of 59893.
101, 593
What are the prime factors of 21469?
7, 3067
List the prime factors of 30897.
3, 3433
List the prime factors of 1834.
2, 7, 131
List the prime factors of 1688.
2, 211
List the prime factors of 422.
2, 211
List the prime factors of 20614.
2, 11, 937
What are the prime factors of 2493?
3, 277
List the prime factors of 15890.
2, 5, 7, 227
List the prime factors of 296.
2, 37
List the prime factors of 18001.
47, 383
What are the prime factors of 14146?
2, 11, 643
What are the prime factors of 260?
2, 5, 13
List the prime factors of 28611.
3, 11, 17
What are the prime factors of 3312?
2, 3, 23
What are the prime factors of 828?
2, 3, 23
List the prime factors of 31469.
31469
List the prime factors of 8006.
2, 4003
What are the prime factors of 55748?
2, 7, 11, 181
List the prime factors of 3687.
3, 1229
What are the prime factors of 10655?
5, 2131
List the prime factors of 493.
17, 29
What are the prime factors of 5608?
2, 701
List the prime factors of 19151.
11, 1741
List the prime factors of 4741.
11, 431
What are the prime factors of 77723?
77723
What are the prime factors of 11309?
43, 263
What are the prime factors of 9777?
3, 3259
What are the prime factors of 667?
23, 29
What are the prime factors of 639?
3, 71
What are the prime factors of 1203?
3, 401
What are the prime factors of 170?
2, 5, 17
What are the prime factors of 1039?
1039
What are the prime factors of 155?
5, 31
What are the prime factors of 8294?
2, 11, 13, 29
List the prime factors of 25642.
2, 12821
What are the prime factors of 2997?
3, 37
List the prime factors of 579.
3, 193
What are the prime factors of 3091?
11, 281
What are the prime factors of 56?
2, 7
What are the prime factors of 7927?
7927
List the prime factors of 2513.
7, 359
List the prime factors of 4037.
11, 367
What are the prime factors of 57349?
57349
What are the prime factors of 9338?
2, 7, 23, 29
List the prime factors of 48506.
2, 79, 307
What are the prime factors of 22220?
2, 5, 11, 101
List the prime factors of 12131.
7, 1733
What are the prime factors of 11?
11
List the prime factors of 2545.
5, 509
What are the prime factors of 101?
101
List the prime factors of 4067.
7, 83
List the prime factors of 13172.
2, 37, 89
List the prime factors of 1639.
11, 149
List the prime factors of 92868.
2, 3, 71, 109
What are the prime factors of 1444?
2, 19
List the prime factors of 9541.
7, 29, 47
What are the prime factors of 3777?
3, 1259
List the prime factors of 47869.
47869
What are the prime factors of 688?
2, 43
What are the prime factors of 68743?
68743
List the prime factors of 669.
3, 223
What are the prime factors of 4696?
2, 587
What are the prime factors of 136306?
2, 17, 19, 211
What are the prime factors of 2814?
2, 3, 7, 67
List the prime factors of 17667.
3, 13, 151
List the prime factors of 26993.
26993
What are the prime factors of 10077?
3, 3359
List the prime factors of 14391.
3, 13, 41
What are the prime factors of 20481?
3, 6827
List the prime factors of 214.
2, 107
What are the prime factors of 488?
2, 61
List the prime factors of 797.
797
What are the prime factors of 40560?
2, 3, 5, 13
List the 